 of 1308 and x.
12
Suppose -4*n + 6*n = 5*x - 245, -194 = -4*x + 2*n. Let m be (-170)/x*(-72)/2. Calculate the greatest common factor of m and 48.
24
Let m = -63 + 38. Let u be 75/m - (1 - 7). Suppose u*h = 3*r + 153, 4*h + 4*r = -r + 213. What is the highest common divisor of 4 and h?
4
Suppose -51*h + 1138800 = 105*h. What is the greatest common factor of h and 25?
25
Let v(r) = 32*r**3 - 18*r**2 - 11*r + 21. Let x be v(3). What is the highest common factor of 5175 and x?
345
Let r(f) = f - 1. Let u = 18 + -21. Let s be r(u). Let z be 3 - (s - (44 + -3)). Calculate the greatest common divisor of 24 and z.
24
Suppose 5*k - 5670 = -2*k. Calculate the greatest common factor of 243 and k.
81
Suppose -239*y + 426*y = 270215. What is the greatest common divisor of 115 and y?
5
Let w(c) = 14*c - 65. Let u be w(5). Suppose -u*r + 7*r = 5*n - 109, -5*r = -3*n + 73. Calculate the highest common factor of 21 and n.
21
Let o(w) = -w**3 + 12*w**2 + 3*w - 17. Let t be o(12). Suppose 137 = -6*z + 23. Let n be (9/1)/(-1)*z. Calculate the greatest common factor of t and n.
19
Let j be -2*-6*1/4. Let u = 19484 + -19472. Calculate the greatest common factor of u and j.
3
Let n be (-119 - -2)*(-2)/6. Let u be 2/(-3) - (-65)/n. Let c(z) = 4*z - 11. Let j be c(4). What is the greatest common factor of j and u?
1
Let i(p) = p**3 + 18*p**2 - 52*p - 1340. Let a be i(-16). Calculate the highest common factor of 1460 and a.
4
Suppose 661 = 4*j - 751. Suppose 0 = 5*l - 383 + j. Let o(k) = -3*k. Let c be o(-4). What is the highest common factor of l and c?
6
Suppose 3*o + 4*r = 294, -3*r - 6 = -r. Let f = -11102 - -11136. Calculate the greatest common divisor of o and f.
34
Let v(m) = 7*m**2 - m - 14. Let g be v(-3). Suppose 2*o - g = -164. Let q = o + 62. Calculate the greatest common factor of 66 and q.
6
Let k(t) = -14*t + 318. Let a be k(22). Let h(q) = q**3 - 12*q**2 + 20*q + 11. Let g be h(a). Calculate the highest common divisor of 363 and g.
11
Let a be (-77 + 2)*(-4)/10. Let g be (-5)/a - (-307)/6. What is the greatest common divisor of 17 and g?
17
Suppose -2*k - 19 = -23. Let a = 33 + -27. Suppose 2*w - a*w + 11 = -3*l, -5*w = -l - 11. What is the highest common factor of w and k?
2
Suppose -20*f - 3105 = 2395. Let q = -215 - f. Calculate the greatest common divisor of q and 30.
30
Suppose -5*n + 0*n = 0. Suppose n = j - 3*j + 30. Suppose 18*p - 4*p = -31*p + 2025. Calculate the greatest common factor of j and p.
15
Let x be -1*(-1 + 2)*(-68 + 15). What is the highest common divisor of x and 1961?
53
Let v = 1878 - 1822. Calculate the highest common divisor of 1106 and v.
14
Let h be (2/(-3))/(2/6). Let q be -2 - (2 + (h - -3)). Let u be 2 + q + (-24)/(-2). Calculate the highest common factor of 27 and u.
9
Let r = -69 + 75. Suppose -40 = -r*j + 56. What is the highest common divisor of 80 and j?
16
Suppose 169 = w + 39. Suppose 10*o - o - 27 = 0. Let b be 6/(-4)*(-104)/o. What is the highest common factor of b and w?
26
Suppose -a + 3*y + 12 = 0, -3*a = -3*y - 8 - 4. Suppose -11*k + 15 + 40 = a. Calculate the greatest common divisor of 265 and k.
5
Let m(w) = -w**3 - 9*w**2 - 14*w + 15. Let h be m(-12). Let s be 1/(-5) + (-618)/(-15). What is the highest common factor of s and h?
41
Let v(l) = 3*l + 1. Let n be v(0). Suppose 4*t - 2*f - 12 = 0, 8*f - 70 - 22 = -4*t. What is the greatest common factor of n and t?
1
Let f = -9 - -1. Let n = f + 11. Suppose -s = 3*b - 2*s - 58, 2*b = n*s + 48. Calculate the highest common divisor of 45 and b.
9
Let p(h) = -180 + 95 + 5*h + 102 - 4*h**2 - h**3. Let x be p(-7). What is the greatest common factor of x and 301?
43
Let a be -19*(2 - 0)*8/(-16)*1. Let b(h) = h**3 - 4*h**2 + 3*h + 3. Let j be b(7). Calculate the highest common divisor of a and j.
19
Let j be (-3)/6*16 + -23. Let q = 361 - j. What is the highest common factor of 8 and q?
8
Let p = -2798 + 3048. What is the greatest common factor of p and 275?
25
Let a = -10716 + 11316. Let f(k) = -7*k - 4. Let l be f(-4). What is the highest common factor of a and l?
24
Let r be ((-165)/6)/((-13)/182). Suppose 0 = 3*q - 15, -5*o - 3*q = -q - r. Calculate the highest common divisor of 125 and o.
25
Suppose -8 = -36*y + 34*y. Suppose 403 - 53 = 5*p + 3*c, -70 = -p + y*c. Let z = p + -46. Calculate the highest common divisor of z and 3.
3
Let b be -45*1*4/(-6). Suppose -3*f - 4*x = 6, -162*f - 2 = -160*f + 2*x. Let n be (24/b)/(f/30). Calculate the highest common divisor of n and 84.
12
Suppose -u + 359840 = 103*u + 61048. Calculate the highest common divisor of 507 and u.
169
Suppose -3*f + 118 = -5*q, 2*f + 0*q - 68 = -2*q. Let c = 44155 + -43597. What is the greatest common divisor of f and c?
18
Let o be (-8)/(-6) - (-13)/(-39). Suppose 11*j - o = -1. Suppose j = -2*u + u + 42. Calculate the highest common factor of 6 and u.
6
Suppose -5*v - 3*g - 4661 = -4811, -5*g = 6*v - 201. Suppose 6*p - 3*l - 15 = p, 2*p - 6 = -4*l. What is the greatest common divisor of v and p?
3
Suppose 3*l + 12 = -4*j + j, 0 = 3*l - 5*j - 4. Let x = 11 + l. Let b(u) = -155*u + 1184. Let k be b(7). What is the greatest common factor of x and k?
9
Let g = 70 + -65. Let h be (8/10)/((-14)/35). Let p(j) = -11*j + 3. Let y be p(h). Calculate the highest common divisor of y and g.
5
Let j be (1604/110 + (-6)/33)*-10. Let m = 174 + j. What is the greatest common factor of 330 and m?
30
Suppose 4*d - 294 = -142. What is the highest common factor of 665 and d?
19
Let w be (11 + -14 - -5)*((-2322)/(-4) + -1). What is the greatest common divisor of 183 and w?
61
Let b(x) = -x**2 + 3*x + 56. Let p be b(9). Suppose 5*j = -p*j + 245. Calculate the greatest common divisor of j and 70.
35
Let a(n) = 31*n - 2. Let o = 56 + -53. Suppose o = -d + 9. Let i be a(d). Calculate the greatest common factor of 23 and i.
23
Let u(a) = 404*a - 8758. Let b be u(22). Suppose -61 + 9 = -2*d. Calculate the highest common divisor of b and d.
26
Let c = -23539 - -23672. What is the greatest common factor of c and 448?
7
Let g(a) = -251*a**3 - a**2 - 18*a - 16. Let t be g(-1). What is the highest common divisor of t and 243?
9
Suppose -4*u + 8765 = -19*s + 14*s, u = -s + 2180. What is the greatest common factor of 10 and u?
5
Let h(n) = 30*n + 8. Let w be h(3). Let d(k) = -5*k**2 - 44*k + 10. Let s be d(-8). Calculate the greatest common divisor of w and s.
14
Let a be -8 + 10 - (-7 + 4). Suppose -3*h = a*w - 211, 4*h + 25*w - 258 = 23*w. What is the highest common divisor of h and 155?
31
Suppose -r + 179 = 278. Let k be ((-2)/(24/r))/((-11)/(-264)). Calculate the greatest common factor of k and 264.
66
Let s(n) = n**2 + 7*n. Let u = -2 - 5. Let q be s(u). Suppose 23*i - 28*i + 105 = q. Calculate the highest common factor of 84 and i.
21
Let v be 77969/7 - 0 - (-272)/476. What is the highest common factor of 237 and v?
237
Let d(k) = k**3 - 10*k**2 + k - 5. Let r be d(10). Suppose 10*a = 5*a + r*p + 540, 5*p = 10. Calculate the highest common divisor of 20 and a.
10
Let g = -95 - -167. Let v(n) = 8*n**2 + 2*n + 9. Let l be v(-2). Suppose -40*b + l*b = -24. What is the greatest common divisor of b and g?
8
Let g be 7 + (176 - (20 - 7)). Calculate the highest common divisor of 1462 and g.
34
Let r be 58 + -47 + (137 - 4). Calculate the greatest common divisor of 4680 and r.
72
Let t = 21 + 5. Let g = 332 - 316. Let j = t + g. Calculate the greatest common divisor of j and 28.
14
Suppose -9*y + 7*y - 3*a = 0, 0 = 3*a. Suppose y = -17*h + 15*h + 240. What is the greatest common factor of 75 and h?
15
Let m = 9751 - 9339. Calculate the greatest common divisor of m and 172.
4
Let z(s) = 2640*s - 6682. Let k be z(15). Calculate the highest common factor of k and 436.
218
Let v(t) = -t**2 + 39*t + 32. Let i be v(39). Suppose -i*y - 110 = -42*y. What is the greatest common divisor of y and 352?
11
Let p = 485 - 179. Let v = 30572 - 30518. Calculate the highest common divisor of v and p.
18
Let k be 254/(0 + (-8)/12) + 2. Let r = -191 - k. What is the greatest common factor of r and 282?
94
Suppose -4*t = -5*u - 133, -14*t - 299 = -46*t - 5*u. Let w be (-12)/3*(0 - -1). Let b be 220/(-2 - w) + -2. What is the highest common divisor of t and b?
12
Let q be (-3)/(12/8*-1). Suppose -z - 7 = x, -x = 2*z + 8 + q. Let d be 2*4/1 + (z -